{"id":9200,"date":"2021-02-13T12:18:33","date_gmt":"2021-02-13T12:18:33","guid":{"rendered":"http:\/\/compass-groupe.com\/?page_id=9200"},"modified":"2022-12-06T11:36:34","modified_gmt":"2022-12-06T11:36:34","slug":"infogerance","status":"publish","type":"page","link":"http:\/\/compass-groupe.com\/index.php\/infogerance\/","title":{"rendered":"Infog\u00e9rance"},"content":{"rendered":"\t\t<div data-elementor-type=\"wp-page\" data-elementor-id=\"9200\" class=\"elementor elementor-9200\">\n\t\t\t\t\t\t<div class=\"elementor-inner\">\n\t\t\t\t<div class=\"elementor-section-wrap\">\n\t\t\t\t\t\t\t\t\t<section class=\"elementor-section elementor-top-section elementor-element elementor-element-f1ff3f9 elementor-section-boxed elementor-section-height-default elementor-section-height-default\" data-id=\"f1ff3f9\" data-element_type=\"section\">\n\t\t\t\t\t\t<div class=\"elementor-container elementor-column-gap-default\">\n\t\t\t\t\t\t\t<div class=\"elementor-row\">\n\t\t\t\t\t<div class=\"elementor-column elementor-col-100 elementor-top-column elementor-element elementor-element-84feb4e\" data-id=\"84feb4e\" data-element_type=\"column\">\n\t\t\t<div class=\"elementor-column-wrap elementor-element-populated\">\n\t\t\t\t\t\t\t<div class=\"elementor-widget-wrap\">\n\t\t\t\t\t\t<div class=\"elementor-element elementor-element-d88c251 elementor-widget elementor-widget-heading\" data-id=\"d88c251\" data-element_type=\"widget\" data-widget_type=\"heading.default\">\n\t\t\t\t<div class=\"elementor-widget-container\">\n\t\t\t<h2 class=\"elementor-heading-title elementor-size-default\">Assistance, maintenance, d\u00e9panage<\/h2>\t\t<\/div>\n\t\t\t\t<\/div>\n\t\t\t\t<section class=\"elementor-section elementor-inner-section elementor-element elementor-element-9fdb5c4 elementor-section-boxed elementor-section-height-default elementor-section-height-default\" data-id=\"9fdb5c4\" data-element_type=\"section\">\n\t\t\t\t\t\t<div class=\"elementor-container elementor-column-gap-default\">\n\t\t\t\t\t\t\t<div class=\"elementor-row\">\n\t\t\t\t\t<div class=\"elementor-column elementor-col-100 elementor-inner-column elementor-element elementor-element-3c77a43\" data-id=\"3c77a43\" data-element_type=\"column\">\n\t\t\t<div class=\"elementor-column-wrap elementor-element-populated\">\n\t\t\t\t\t\t\t<div class=\"elementor-widget-wrap\">\n\t\t\t\t\t\t<div class=\"elementor-element elementor-element-a51e758 elementor-widget elementor-widget-text-editor\" data-id=\"a51e758\" data-element_type=\"widget\" data-widget_type=\"text-editor.default\">\n\t\t\t\t<div class=\"elementor-widget-container\">\n\t\t\t\t\t\t\t\t<div class=\"elementor-text-editor elementor-clearfix\">\n\t\t\t\t<p>COMPASS propose aux entreprises qui ne disposent pas de services informatique, un accompagnement total ou partiel \u00e0 travers ses offres d&#8217;infog\u00e9rance. Confiez vos travaux \u00e0 une \u00e9quipe d&#8217;experts rompu dans la gestion de parc informatique de toute taille<\/p>\t\t\t\t\t<\/div>\n\t\t\t\t\t\t<\/div>\n\t\t\t\t<\/div>\n\t\t\t\t<div class=\"elementor-element elementor-element-22174d4 elementor-widget elementor-widget-text-editor\" data-id=\"22174d4\" data-element_type=\"widget\" data-widget_type=\"text-editor.default\">\n\t\t\t\t<div class=\"elementor-widget-container\">\n\t\t\t\t\t\t\t\t<div class=\"elementor-text-editor elementor-clearfix\">\n\t\t\t\t<p>Vous souhaitez travailler en toute s\u00e9r\u00e9nit\u00e9 sans vous soucier de votre informatique ou de l\u2019\u00e9volution de votre parc informatique. COMPASS r\u00e9pond \u00e0 cette pr\u00e9occupation en assurant vote infog\u00e9rance.<\/p>\t\t\t\t\t<\/div>\n\t\t\t\t\t\t<\/div>\n\t\t\t\t<\/div>\n\t\t\t\t\t\t<\/div>\n\t\t\t\t\t<\/div>\n\t\t<\/div>\n\t\t\t\t\t\t\t\t<\/div>\n\t\t\t\t\t<\/div>\n\t\t<\/section>\n\t\t\t\t\t\t<\/div>\n\t\t\t\t\t<\/div>\n\t\t<\/div>\n\t\t\t\t\t\t\t\t<\/div>\n\t\t\t\t\t<\/div>\n\t\t<\/section>\n\t\t\t\t<section class=\"elementor-section elementor-top-section elementor-element elementor-element-b431a76 elementor-section-boxed elementor-section-height-default elementor-section-height-default\" data-id=\"b431a76\" data-element_type=\"section\">\n\t\t\t\t\t\t<div class=\"elementor-container elementor-column-gap-default\">\n\t\t\t\t\t\t\t<div class=\"elementor-row\">\n\t\t\t\t\t<div class=\"elementor-column elementor-col-100 elementor-top-column elementor-element elementor-element-3c41831\" data-id=\"3c41831\" data-element_type=\"column\">\n\t\t\t<div class=\"elementor-column-wrap elementor-element-populated\">\n\t\t\t\t\t\t\t<div class=\"elementor-widget-wrap\">\n\t\t\t\t\t\t<div class=\"elementor-element elementor-element-950a483 elementor-widget elementor-widget-image\" data-id=\"950a483\" data-element_type=\"widget\" data-widget_type=\"image.default\">\n\t\t\t\t<div class=\"elementor-widget-container\">\n\t\t\t\t\t\t\t\t<div class=\"elementor-image\">\n\t\t\t\t\t\t\t\t\t\t\t\t<img width=\"640\" height=\"327\" src=\"http:\/\/compass-groupe.com\/wp-content\/uploads\/2022\/12\/depannage.jpg\" class=\"attachment-large size-large\" alt=\"\" loading=\"lazy\" srcset=\"http:\/\/compass-groupe.com\/wp-content\/uploads\/2022\/12\/depannage.jpg 860w, http:\/\/compass-groupe.com\/wp-content\/uploads\/2022\/12\/depannage-300x153.jpg 300w, http:\/\/compass-groupe.com\/wp-content\/uploads\/2022\/12\/depannage-768x393.jpg 768w, http:\/\/compass-groupe.com\/wp-content\/uploads\/2022\/12\/depannage-600x307.jpg 600w\" sizes=\"(max-width: 640px) 100vw, 640px\" \/>\t\t\t\t\t\t\t\t\t\t\t\t\t\t<\/div>\n\t\t\t\t\t\t<\/div>\n\t\t\t\t<\/div>\n\t\t\t\t\t\t<\/div>\n\t\t\t\t\t<\/div>\n\t\t<\/div>\n\t\t\t\t\t\t\t\t<\/div>\n\t\t\t\t\t<\/div>\n\t\t<\/section>\n\t\t\t\t\t\t\t\t\t<\/div>\n\t\t\t<\/div>\n\t\t\t\t\t<\/div>\n\t\t","protected":false},"excerpt":{"rendered":"<p>Assistance, maintenance, d\u00e9panage COMPASS propose aux entreprises qui ne disposent pas de services informatique, un accompagnement total ou partiel \u00e0 travers ses offres d&#8217;infog\u00e9rance. Confiez vos travaux \u00e0 une \u00e9quipe d&#8217;experts rompu dans la gestion de parc informatique de toute taille Vous souhaitez travailler en toute s\u00e9r\u00e9nit\u00e9 sans vous soucier de votre informatique ou de&#8230;<\/p>\n","protected":false},"author":1,"featured_media":0,"parent":0,"menu_order":0,"comment_status":"closed","ping_status":"closed","template":"elementor_header_footer","meta":[],"_links":{"self":[{"href":"http:\/\/compass-groupe.com\/index.php\/wp-json\/wp\/v2\/pages\/9200"}],"collection":[{"href":"http:\/\/compass-groupe.com\/index.php\/wp-json\/wp\/v2\/pages"}],"about":[{"href":"http:\/\/compass-groupe.com\/index.php\/wp-json\/wp\/v2\/types\/page"}],"author":[{"embeddable":true,"href":"http:\/\/compass-groupe.com\/index.php\/wp-json\/wp\/v2\/users\/1"}],"replies":[{"embeddable":true,"href":"http:\/\/compass-groupe.com\/index.php\/wp-json\/wp\/v2\/comments?post=9200"}],"version-history":[{"count":26,"href":"http:\/\/compass-groupe.com\/index.php\/wp-json\/wp\/v2\/pages\/9200\/revisions"}],"predecessor-version":[{"id":9842,"href":"http:\/\/compass-groupe.com\/index.php\/wp-json\/wp\/v2\/pages\/9200\/revisions\/9842"}],"wp:attachment":[{"href":"http:\/\/compass-groupe.com\/index.php\/wp-json\/wp\/v2\/media?parent=9200"}],"curies":[{"name":"wp","href":"https:\/\/api.w.org\/{rel}","templated":true}]}}